p) + -3 - -134. Let z = -93 + y. Is z composite?
True
Is (2 - (-450960)/54) + (-2)/18 a composite number?
False
Suppose 0 = 449*k - 454*k + 15175. Is k composite?
True
Suppose 3*t - 16 = -t. Suppose -4*w + t*a - 604 = 0, -2*w = 3*w + a + 755. Is (-3)/(-12) - w/4 prime?
False
Let y(h) = 3*h - 11 + 16*h**2 + 6*h - 7*h. Is y(-4) a composite number?
True
Let o(q) = 6*q - 161 + q**2 + 168 + 0*q**2. Let f be o(-5). Suppose -f*u + 4*n - 58 + 392 = 0, -3*u = -4*n - 493. Is u a composite number?
True
Let g(k) = k**2 - k. Let c be g(2). Suppose -4*b - b = 5*i - 515, 222 = c*b - 2*i. Suppose b = y - 20. Is y a prime number?
True
Suppose -19 = -4*i - 7. Suppose -3*u + i = -6. Is (-2926)/(-35) + u/(-5) prime?
True
Let u(w) = -3*w**2 - 26*w + 6. Let n be u(9). Let v = n + 2860. Is v a composite number?
False
Let k(h) be the third derivative of 0*h + 1/24*h**4 - 1/6*h**3 + 0 + 1/60*h**5 - h**2 - 7/60*h**6. Is k(-2) a prime number?
True
Let p(u) = -4*u**2 + 11*u + 6. Let l be p(7). Let s = 460 - l. Is s a prime number?
False
Let p(m) = 8*m + 6. Let c(q) = -q + 1. Let s(o) = 10*c(o) - p(o). Is s(-3) a prime number?
False
Suppose 5*a + 26 = 1. Let w(y) = -y**3 - 6*y**2 - 5*y - 5. Let n be w(a). Let b(f) = f**2 + 4*f + 5. Is b(n) a composite number?
True
Let b(c) = c**3 - 6*c**2 - 9*c + 2. Let y be b(7). Let n = 20 + y. Is (140/n)/(-5)*-14 a composite number?
True
Let k(x) = 163*x**2 - 23*x + 90. Is k(13) prime?
False
Suppose 30*p + 92674 = 357244. Is p a composite number?
False
Suppose -3*h + 7*h - 80 = -4*p, -2*h - 20 = -2*p. Suppose 14*q - p*q = -3. Is 268/(-6)*q/(-2) composite?
False
Let l = -69506 - -160959. Is l prime?
True
Suppose -7*j - 70 = -2*j. Is 391 + 0 - (14 + j) prime?
False
Suppose 3*n - 39609 = 420. Is n a composite number?
True
Let h = 208 + -111. Suppose -u + 3313 = 4*u - 3*f, 3*u - 1982 = -4*f. Suppose 5*t = -h + u. Is t prime?
True
Let n(v) = -v**2 - 19*v - 13. Let l be n(-9). Is 2373/l - (-6)/33 a prime number?
True
Let x = 57 + -49. Suppose -3762 = x*b - 30778. Is b a prime number?
False
Let r(b) = 3*b - 27. Let t be r(7). Let n be -1 + 3/(-1)*-1. Is t/(-3) - (-25 + n) a prime number?
False
Is (-103498 + 1)*(-45)/135 a composite number?
False
Suppose -2*s = 5*c + 1659, 4*c + 5*s + 318 = 3*c. Let j = 611 + c. Is j composite?
True
Let n(z) = 33*z**2 + 24*z - 12. Is n(5) prime?
False
Suppose 0 = a + 4*d - 762, 0 = -3*d + 2*d - 4. Is a a composite number?
True
Is 78/156 + 2994/4 a composite number?
True
Let n = 203 + -126. Let u be (-24)/(-14) + (-4)/(-14). Suppose -u*l - n = -235. Is l a composite number?
False
Let m = -2516 + 5733. Is m a composite number?
False
Let m = -1 - 12. Suppose 32 = 6*n - 4*n. Let s = m + n. Is s prime?
True
Let t(w) = 3800*w**3 + 2*w**2 - 8*w + 5. Is t(2) composite?
True
Suppose 3*i - 4143 = -3*k, 4*k - k + 2*i = 4147. Is k prime?
False
Is 34769/(-28)*-4 - (-1 + 1) a composite number?
False
Suppose 6 = 5*b - 3*t, -b - 3*t = -16 + 4. Suppose 0 = q - b*q + 4. Is 3 - (q - (0 - -21)) composite?
True
Suppose -4*r - 4*q = -20, -2*q + 3*q - 8 = -2*r. Let x be (-486 - 1)/(r + -4). Let w = x + -228. Is w a composite number?
True
Suppose -13*n + 44947 + 18246 = 0. Is n prime?
True
Let h be (124/(-3))/(16/(-48)). Let d = h - -29. Let w = d - -52. Is w a prime number?
False
Let c(r) = 6*r**2 - 7*r - 2. Let p be c(5). Suppose 2*l = -3 + p. Suppose -5*z + 100 = -l. Is z a composite number?
False
Let k(j) be the second derivative of -1/4*j**4 + 0 - 1/2*j**2 - 3/20*j**5 - 3*j - 4/3*j**3. Is k(-6) a prime number?
True
Suppose -5*t - 3*y - 1 = 0, -2*y - 3*y + 13 = t. Is (t - 3992/(-6))/((-2)/(-3)) prime?
False
Suppose 8*n = -1492 + 26364. Is n a prime number?
True
Let g = 4 + 26. Let a be -1*51*(-220)/g. Suppose -t = 35 - a. Is t composite?
True
Let q be 8129/77 - (-6)/14. Suppose -q = 27*g - 29*g. Is g a composite number?
False
Let t(g) = 6*g + 0*g**2 + 10 + 0*g**2 + 3*g**2. Suppose -2 = -12*u - 86. Is t(u) prime?
False
Suppose 6*g - 47568 = 43950. Is g a composite number?
True
Let m = -1349 + 3186. Is m composite?
True
Let v = 13 - 13. Let l be (-6)/(-6) - (v + 0). Let b = l + 36. Is b composite?
False
Suppose -3 = 8*x - 27. Let l(q) = 2*q - 10. Let y be l(9). Suppose -935 = -y*a + x*a. Is a prime?
False
Let h(a) be the third derivative of -a**6/120 + 2*a**5/15 + a**4/24 - a**3 - 4*a**2. Let s be -2 + 1 - (-36)/4. Is h(s) composite?
False
Let a = 75 + -73. Suppose -5*l - 328 = -f, -a*f + 493 = -2*l - 203. Is f a composite number?
False
Suppose -2*y - 4 = 0, -f + y - 4*y + 18963 = 0. Is f a prime number?
False
Suppose -135 = -5*p + 2*c, 4*c + c = -3*p + 50. Suppose p*h - 7*h - 21798 = 0. Is h prime?
False
Suppose 2*c + 13 = 3. Let z(y) be the first derivative of -y**4/4 - y**2/2 - 3*y + 147. Is z(c) a prime number?
True
Suppose 4*y + 5*w - 60 = 0, -y = -0*y + 5*w - 15. Suppose 0 = -19*f + y*f + 424. Is f composite?
True
Suppose 0 = -32*t + 31*t - o + 3539, 0 = -3*t + 4*o + 10631. Is t a composite number?
False
Let w = -346 - -642. Suppose -5*m - w = -4*n, -4*n + 332 = 2*m + 2*m. Is n a prime number?
True
Let o = -46 - -78. Let i = o + 5. Is i composite?
False
Let k = 11376 + -6774. Let i = k - 815. Is i composite?
True
Suppose -2561 + 14456 = 2*f + 5*b, -2*b = 3*f - 17870. Suppose n = -7*n + f. Is n composite?
True
Let z = -1 - -6. Suppose 3*b = -z*s + 904, 0 = -5*s + 26 - 1. Is b prime?
True
Let p(v) be the second derivative of 2*v**3 - 3*v. Let l be p(-5). Let i = l - -271. Is i composite?
False
Let r(q) = 2*q - 1 - 6 + 3 - 2. Let j be r(4). Suppose z - j*p = -7*p + 38, 0 = -3*z - p + 72. Is z a prime number?
True
Let r be ((-8)/3)/((-4)/162). Suppose 76 = 2*t - r. Suppose 0 = v - 4*x - 143, 2*x = -3*v + t + 295. Is v composite?
False
Suppose -6*d + d = -35925. Is d/45*(4 + -1) composite?
False
Suppose -5 = -k, -48883 = 13*b - 17*b + 5*k. Is b a composite number?
False
Let n(g) = 6*g**2 - 6*g + 74. Let w(r) = 7*r**2 - 6*r + 73. Let q(u) = -6*n(u) + 7*w(u). Is q(16) composite?
False
Suppose -2*z - 2*f + 339 = -517, -3*f = z - 436. Suppose -11*q = -3*q - z. Is q a prime number?
True
Let g = -1339 - -2738. Is g prime?
True
Let c = -24744 - -59809. Is c a prime number?
False
Let u(p) = -p**3 - 3*p**2 + 4*p + 3. Let x be u(-4). Suppose j = 4, -2*k + 38 = -x*j - 60. Is k a composite number?
True
Let h = 6 - 6. Suppose h*m - 142 = m. Let q = 221 + m. Is q a composite number?
False
Suppose -30*r - 4102 = -32*r. Is r composite?
True
Let z = 5955 - -3556. Is z composite?
False
Let v be 45/18*(-56)/(-10). Let y = -13 + v. Is y/((-896)/(-298) + -3) a prime number?
True
Suppose 0 = -51*z - 136307 + 1269986. Is z composite?
False
Let l(x) = -4*x**3 + 6*x**2 + 6*x + 5. Let i be l(-5). Let p = i - 374. Is p a composite number?
False
Let o be (72/28)/((-1)/(-7)). Let n(q) = 30*q + o*q + 33*q - 1 + 0*q. Is n(2) prime?
False
Let f(i) = 2*i**2 + 6*i - 1. Let u be f(-6). Let x be 5/u - (-41)/7. Suppose -1318 = x*b - 5056. Is b composite?
True
Is 2/13 - 210510/(-78) a composite number?
False
Suppose 5*x - 8*x = -9. Suppose -p - 4 = -x*v - 1566, 2*p - 3119 = v. Is p prime?
True
Let z be 4/4 + 1 + 1. Suppose -2*p + 20 = -0*v - 2*v, 4*p = -z*v + 19. Let q(k) = k**3 - 6*k**2 - 3*k - 5. Is q(p) a prime number?
True
Suppose -4*y = -j - 0*j - 19, -4*y + 16 = -4*j. Suppose -4741 = -y*p - 4*t, -t + 3794 = 4*p + t. Is p a prime number?
False
Let k be (-90)/(-25) - (-2)/5. Suppose 0 = -3*c - 2*x, 2*c - c - 2*x = 8. Suppose -2*d + 7*d = -c*z + 19, 4*d + 108 = k*z. Is z prime?
False
Suppose -x = -0*x - 3949. Is x a composite number?
True
Let w = 44 - 46. Is (542 - (-1 - w))*(-11)/(-11) prime?
True
Let a be (4 - -1)/((2 - 8) + 7). Is a/(-10) + (-10375)/(-10) a composite number?
True
Suppose 0*t = -7*t - 2856. Let j = t + 593. Is j a composite number?
True
Let i be 3/(-15)*0 - -62. Is -2 + -1 + i*22 prime?
True
Suppose 7565 = 17*s - 12*s. Let d = s - 630. Is d prime?
True
Suppose -3*c + 11 + 1 = 0. Suppose 0 = -c*q - 2*q. Suppose q = -8*b + 5*b + 1257. Is b prime?
True
Let b(c) = c**3 - 28*c**2 + 114*c - 27. Let i be b(22). Suppose 2*y - 4*q = q + 1490, 2 = q. Let l = y + i. Is l composite?
True
Let g(k) = -k**3 - 4*k**2 - 2*k. Let a be g(-3). Is (1/a)/(5 + 35566/(-7113)) prime?
True
Let x = 0 - -2. Suppose 4*j + x*w - 1119 = 5*w, 2*w = 6. Suppose 0 = -2*n + j 